{"id":3302,"date":"2020-12-26T03:40:18","date_gmt":"2020-12-25T18:40:18","guid":{"rendered":"https:\/\/www.anamaclaren.com\/?post_type=product&#038;p=3302"},"modified":"2025-08-27T09:16:23","modified_gmt":"2025-08-27T00:16:23","slug":"barba-aparada-castanha","status":"publish","type":"product","link":"https:\/\/www.anamaclaren.com\/?product=barba-aparada-castanha","title":{"rendered":"Barba Aparada Castanha"},"content":{"rendered":"<p><img decoding=\"async\" loading=\"lazy\" class=\"alignnone size-medium wp-image-3304\" src=\"https:\/\/i0.wp.com\/www.anamaclaren.com\/wp-content\/uploads\/2020\/12\/barba-aparada-lateral.jpg?resize=300%2C289&#038;ssl=1\" alt=\"\" width=\"300\" height=\"289\" srcset=\"https:\/\/i0.wp.com\/www.anamaclaren.com\/wp-content\/uploads\/2020\/12\/barba-aparada-lateral.jpg?resize=300%2C289&amp;ssl=1 300w, https:\/\/i0.wp.com\/www.anamaclaren.com\/wp-content\/uploads\/2020\/12\/barba-aparada-lateral.jpg?resize=1024%2C987&amp;ssl=1 1024w, https:\/\/i0.wp.com\/www.anamaclaren.com\/wp-content\/uploads\/2020\/12\/barba-aparada-lateral.jpg?resize=768%2C741&amp;ssl=1 768w, https:\/\/i0.wp.com\/www.anamaclaren.com\/wp-content\/uploads\/2020\/12\/barba-aparada-lateral.jpg?resize=600%2C579&amp;ssl=1 600w, https:\/\/i0.wp.com\/www.anamaclaren.com\/wp-content\/uploads\/2020\/12\/barba-aparada-lateral.jpg?w=1062&amp;ssl=1 1062w\" sizes=\"(max-width: 300px) 100vw, 300px\" data-recalc-dims=\"1\" \/><img decoding=\"async\" loading=\"lazy\" class=\"alignnone size-medium wp-image-3303\" src=\"https:\/\/i0.wp.com\/www.anamaclaren.com\/wp-content\/uploads\/2020\/12\/Barba-aparada-castanha.jpg?resize=300%2C293&#038;ssl=1\" alt=\"\" width=\"300\" height=\"293\" srcset=\"https:\/\/i0.wp.com\/www.anamaclaren.com\/wp-content\/uploads\/2020\/12\/Barba-aparada-castanha.jpg?resize=300%2C293&amp;ssl=1 300w, https:\/\/i0.wp.com\/www.anamaclaren.com\/wp-content\/uploads\/2020\/12\/Barba-aparada-castanha.jpg?resize=1024%2C999&amp;ssl=1 1024w, https:\/\/i0.wp.com\/www.anamaclaren.com\/wp-content\/uploads\/2020\/12\/Barba-aparada-castanha.jpg?resize=768%2C749&amp;ssl=1 768w, https:\/\/i0.wp.com\/www.anamaclaren.com\/wp-content\/uploads\/2020\/12\/Barba-aparada-castanha.jpg?resize=600%2C585&amp;ssl=1 600w, https:\/\/i0.wp.com\/www.anamaclaren.com\/wp-content\/uploads\/2020\/12\/Barba-aparada-castanha.jpg?resize=50%2C50&amp;ssl=1 50w, https:\/\/i0.wp.com\/www.anamaclaren.com\/wp-content\/uploads\/2020\/12\/Barba-aparada-castanha.jpg?w=1063&amp;ssl=1 1063w\" sizes=\"(max-width: 300px) 100vw, 300px\" data-recalc-dims=\"1\" \/><\/p>\n","protected":false},"excerpt":{"rendered":"<p><img decoding=\"async\" loading=\"lazy\" class=\"alignnone size-medium wp-image-3304\" src=\"https:\/\/www.anamaclaren.com\/wp-content\/uploads\/2020\/12\/barba-aparada-lateral-300x289.jpg\" alt=\"\" width=\"300\" height=\"289\" srcset=\"https:\/\/i0.wp.com\/www.anamaclaren.com\/wp-content\/uploads\/2020\/12\/barba-aparada-lateral.jpg?resize=300%2C289&amp;ssl=1 300w, https:\/\/i0.wp.com\/www.anamaclaren.com\/wp-content\/uploads\/2020\/12\/barba-aparada-lateral.jpg?resize=1024%2C987&amp;ssl=1 1024w, https:\/\/i0.wp.com\/www.anamaclaren.com\/wp-content\/uploads\/2020\/12\/barba-aparada-lateral.jpg?resize=768%2C741&amp;ssl=1 768w, https:\/\/i0.wp.com\/www.anamaclaren.com\/wp-content\/uploads\/2020\/12\/barba-aparada-lateral.jpg?resize=600%2C579&amp;ssl=1 600w, https:\/\/i0.wp.com\/www.anamaclaren.com\/wp-content\/uploads\/2020\/12\/barba-aparada-lateral.jpg?w=1062&amp;ssl=1 1062w\" sizes=\"(max-width: 300px) 100vw, 300px\" \/>Barba completamente tecida por todo espa\u00e7o abaixo do queixo. 30cm extens\u00e3o de orelha a orelha.\u00a0 Tecida em duas cores de castanho.<\/p>\n<p>Aplica\u00e7\u00e3o: Pode colar com a fita adesiva em regi\u00f5es mais afastadas das bordas. Com a cola pode usar no acabamento. Fa\u00e7a o ponto de contato entre a pele e a tela. Obs: O ponto de contato \u00e9 como colar f\u00f3rmica ( primeiro passa uma fina camada da cola na pele e depois uma fina camada na tela. Espera um pouco para o \u00e9ter evaporar e depois fixa um no outro, Cada cola tem sua especificidade.<\/p>\n<p>Para a manuten\u00e7\u00e3o, depois que tirar a barba do rosto, pode deix\u00e1-la embebida no \u00e1lcool mais puro num pote (tipo de sorvete) fechado, para diluir a resina e sair sem prejudicar a tela. Pode deixar por uns trinta minutos. Depois secar e guardar. Depois de v\u00e1rias manuten\u00e7\u00f5es pode sultehidratar a tela com \u00f3leo mineral. Sempre um trabalho delicado.<\/p>\n<p>CONSULTE PRAZO DE CONFEC\u00c7\u00c3O.<\/p>\n","protected":false},"featured_media":3303,"comment_status":"open","ping_status":"closed","template":"","meta":{"jetpack_post_was_ever_published":false,"jetpack_publicize_message":"","jetpack_is_tweetstorm":false,"jetpack_publicize_feature_enabled":true,"jetpack_social_post_already_shared":true,"jetpack_social_options":{"image_generator_settings":{"template":"highway","enabled":false}}},"product_cat":[177],"product_tag":[],"jetpack_publicize_connections":[],"jetpack_sharing_enabled":true,"_links":{"self":[{"href":"https:\/\/www.anamaclaren.com\/index.php?rest_route=\/wp\/v2\/product\/3302"}],"collection":[{"href":"https:\/\/www.anamaclaren.com\/index.php?rest_route=\/wp\/v2\/product"}],"about":[{"href":"https:\/\/www.anamaclaren.com\/index.php?rest_route=\/wp\/v2\/types\/product"}],"replies":[{"embeddable":true,"href":"https:\/\/www.anamaclaren.com\/index.php?rest_route=%2Fwp%2Fv2%2Fcomments&post=3302"}],"wp:featuredmedia":[{"embeddable":true,"href":"https:\/\/www.anamaclaren.com\/index.php?rest_route=\/wp\/v2\/media\/3303"}],"wp:attachment":[{"href":"https:\/\/www.anamaclaren.com\/index.php?rest_route=%2Fwp%2Fv2%2Fmedia&parent=3302"}],"wp:term":[{"taxonomy":"product_cat","embeddable":true,"href":"https:\/\/www.anamaclaren.com\/index.php?rest_route=%2Fwp%2Fv2%2Fproduct_cat&post=3302"},{"taxonomy":"product_tag","embeddable":true,"href":"https:\/\/www.anamaclaren.com\/index.php?rest_route=%2Fwp%2Fv2%2Fproduct_tag&post=3302"}],"curies":[{"name":"wp","href":"https:\/\/api.w.org\/{rel}","templated":true}]}}