{"id":2880,"date":"2019-04-18T08:06:04","date_gmt":"2019-04-17T23:06:04","guid":{"rendered":"https:\/\/www.anamaclaren.com\/?post_type=product&#038;p=2880"},"modified":"2023-08-06T04:00:35","modified_gmt":"2023-08-05T19:00:35","slug":"barba-santa-claus-gerbas","status":"publish","type":"product","link":"https:\/\/www.anamaclaren.com\/?product=barba-santa-claus-gerbas","title":{"rendered":"Barba Santa Claus &#8211; Gerbas"},"content":{"rendered":"","protected":false},"excerpt":{"rendered":"<p><img decoding=\"async\" loading=\"lazy\" class=\"alignnone wp-image-3483\" src=\"https:\/\/www.anamaclaren.com\/wp-content\/uploads\/2019\/04\/Papai-Noel-Jarbas-200x300.png\" alt=\"\" width=\"118\" height=\"177\" srcset=\"https:\/\/i0.wp.com\/www.anamaclaren.com\/wp-content\/uploads\/2019\/04\/Papai-Noel-Jarbas.png?resize=200%2C300&amp;ssl=1 200w, https:\/\/i0.wp.com\/www.anamaclaren.com\/wp-content\/uploads\/2019\/04\/Papai-Noel-Jarbas.png?w=321&amp;ssl=1 321w\" sizes=\"(max-width: 118px) 100vw, 118px\" \/><\/p>\n<p>Ator H\u00e9lio Gerbas. www.papainoelecia.com.br<\/p>\n<p>Barba e bigode. Maxilar extra largo.<\/p>\n<p>Pre\u00e7o por unidade. 1 semana de confec\u00e7\u00e3o. \u00c9 necess\u00e1rio tirar o molde em pl\u00e1stico filme e fita crepe transparente.<\/p>\n<p>Ensinamos a t\u00e9cnica remotamente.<\/p>\n<p>&nbsp;<\/p>\n","protected":false},"featured_media":2881,"comment_status":"open","ping_status":"closed","template":"","meta":{"jetpack_post_was_ever_published":false,"jetpack_publicize_message":"","jetpack_is_tweetstorm":false,"jetpack_publicize_feature_enabled":true,"jetpack_social_post_already_shared":true,"jetpack_social_options":{"image_generator_settings":{"template":"highway","enabled":false}}},"product_cat":[177],"product_tag":[558,282,253,311],"jetpack_publicize_connections":[],"jetpack_sharing_enabled":true,"_links":{"self":[{"href":"https:\/\/www.anamaclaren.com\/index.php?rest_route=\/wp\/v2\/product\/2880"}],"collection":[{"href":"https:\/\/www.anamaclaren.com\/index.php?rest_route=\/wp\/v2\/product"}],"about":[{"href":"https:\/\/www.anamaclaren.com\/index.php?rest_route=\/wp\/v2\/types\/product"}],"replies":[{"embeddable":true,"href":"https:\/\/www.anamaclaren.com\/index.php?rest_route=%2Fwp%2Fv2%2Fcomments&post=2880"}],"wp:featuredmedia":[{"embeddable":true,"href":"https:\/\/www.anamaclaren.com\/index.php?rest_route=\/wp\/v2\/media\/2881"}],"wp:attachment":[{"href":"https:\/\/www.anamaclaren.com\/index.php?rest_route=%2Fwp%2Fv2%2Fmedia&parent=2880"}],"wp:term":[{"taxonomy":"product_cat","embeddable":true,"href":"https:\/\/www.anamaclaren.com\/index.php?rest_route=%2Fwp%2Fv2%2Fproduct_cat&post=2880"},{"taxonomy":"product_tag","embeddable":true,"href":"https:\/\/www.anamaclaren.com\/index.php?rest_route=%2Fwp%2Fv2%2Fproduct_tag&post=2880"}],"curies":[{"name":"wp","href":"https:\/\/api.w.org\/{rel}","templated":true}]}}