{"id":2840,"date":"2019-03-20T00:56:30","date_gmt":"2019-03-19T15:56:30","guid":{"rendered":"https:\/\/www.anamaclaren.com\/?post_type=product&#038;p=2840"},"modified":"2025-09-04T23:53:38","modified_gmt":"2025-09-04T14:53:38","slug":"barba-e-bigode-padre-fabio-de-melo","status":"publish","type":"product","link":"https:\/\/www.anamaclaren.com\/?product=barba-e-bigode-padre-fabio-de-melo","title":{"rendered":"Barba e bigode Padre F\u00e1bio de Melo"},"content":{"rendered":"<p><img decoding=\"async\" loading=\"lazy\" class=\"alignnone size-medium wp-image-2837\" src=\"https:\/\/i0.wp.com\/www.anamaclaren.com\/wp-content\/uploads\/2019\/03\/SmartSelect_20190319-124700_Gallery.jpg?resize=293%2C300&#038;ssl=1\" alt=\"\" width=\"293\" height=\"300\" srcset=\"https:\/\/i0.wp.com\/www.anamaclaren.com\/wp-content\/uploads\/2019\/03\/SmartSelect_20190319-124700_Gallery.jpg?resize=293%2C300&amp;ssl=1 293w, https:\/\/i0.wp.com\/www.anamaclaren.com\/wp-content\/uploads\/2019\/03\/SmartSelect_20190319-124700_Gallery.jpg?resize=768%2C787&amp;ssl=1 768w, https:\/\/i0.wp.com\/www.anamaclaren.com\/wp-content\/uploads\/2019\/03\/SmartSelect_20190319-124700_Gallery.jpg?resize=999%2C1024&amp;ssl=1 999w, https:\/\/i0.wp.com\/www.anamaclaren.com\/wp-content\/uploads\/2019\/03\/SmartSelect_20190319-124700_Gallery.jpg?resize=600%2C615&amp;ssl=1 600w, https:\/\/i0.wp.com\/www.anamaclaren.com\/wp-content\/uploads\/2019\/03\/SmartSelect_20190319-124700_Gallery.jpg?resize=50%2C50&amp;ssl=1 50w, https:\/\/i0.wp.com\/www.anamaclaren.com\/wp-content\/uploads\/2019\/03\/SmartSelect_20190319-124700_Gallery.jpg?w=1065&amp;ssl=1 1065w\" sizes=\"(max-width: 293px) 100vw, 293px\" data-recalc-dims=\"1\" \/><\/p>\n","protected":false},"excerpt":{"rendered":"<p>Prazo para confec\u00e7\u00e3o 5 dias \u00fateis a partir da medida do ator ou mod\u00ealo.<\/p>\n","protected":false},"featured_media":2837,"comment_status":"open","ping_status":"closed","template":"","meta":{"jetpack_post_was_ever_published":false,"jetpack_publicize_message":"","jetpack_is_tweetstorm":false,"jetpack_publicize_feature_enabled":true,"jetpack_social_post_already_shared":true,"jetpack_social_options":{"image_generator_settings":{"template":"highway","enabled":false}}},"product_cat":[177],"product_tag":[287],"jetpack_publicize_connections":[],"jetpack_sharing_enabled":true,"_links":{"self":[{"href":"https:\/\/www.anamaclaren.com\/index.php?rest_route=\/wp\/v2\/product\/2840"}],"collection":[{"href":"https:\/\/www.anamaclaren.com\/index.php?rest_route=\/wp\/v2\/product"}],"about":[{"href":"https:\/\/www.anamaclaren.com\/index.php?rest_route=\/wp\/v2\/types\/product"}],"replies":[{"embeddable":true,"href":"https:\/\/www.anamaclaren.com\/index.php?rest_route=%2Fwp%2Fv2%2Fcomments&post=2840"}],"wp:featuredmedia":[{"embeddable":true,"href":"https:\/\/www.anamaclaren.com\/index.php?rest_route=\/wp\/v2\/media\/2837"}],"wp:attachment":[{"href":"https:\/\/www.anamaclaren.com\/index.php?rest_route=%2Fwp%2Fv2%2Fmedia&parent=2840"}],"wp:term":[{"taxonomy":"product_cat","embeddable":true,"href":"https:\/\/www.anamaclaren.com\/index.php?rest_route=%2Fwp%2Fv2%2Fproduct_cat&post=2840"},{"taxonomy":"product_tag","embeddable":true,"href":"https:\/\/www.anamaclaren.com\/index.php?rest_route=%2Fwp%2Fv2%2Fproduct_tag&post=2840"}],"curies":[{"name":"wp","href":"https:\/\/api.w.org\/{rel}","templated":true}]}}

Barba e bigode Padre Fábio de Melo

<p>Prazo para confecção 5 dias úteis a partir da medida do ator ou modêlo.</p>
