{"id":2532,"date":"2017-12-08T02:18:36","date_gmt":"2017-12-07T17:18:36","guid":{"rendered":"https:\/\/www.anamaclaren.com\/?post_type=product&#038;p=2532"},"modified":"2024-11-04T15:33:24","modified_gmt":"2024-11-04T06:33:24","slug":"barba-anas","status":"publish","type":"product","link":"https:\/\/www.anamaclaren.com\/?product=barba-anas","title":{"rendered":"Barba + Bigode &#8211; An\u00e1s"},"content":{"rendered":"<p><img decoding=\"async\" loading=\"lazy\" class=\"alignnone size-medium wp-image-2533\" src=\"https:\/\/i0.wp.com\/www.anamaclaren.com\/wp-content\/uploads\/2017\/12\/SmartSelectImage_2017-12-06-00-43-39.png?resize=236%2C300&#038;ssl=1\" alt=\"\" width=\"236\" height=\"300\" srcset=\"https:\/\/i0.wp.com\/www.anamaclaren.com\/wp-content\/uploads\/2017\/12\/SmartSelectImage_2017-12-06-00-43-39.png?resize=236%2C300&amp;ssl=1 236w, https:\/\/i0.wp.com\/www.anamaclaren.com\/wp-content\/uploads\/2017\/12\/SmartSelectImage_2017-12-06-00-43-39.png?resize=768%2C978&amp;ssl=1 768w, https:\/\/i0.wp.com\/www.anamaclaren.com\/wp-content\/uploads\/2017\/12\/SmartSelectImage_2017-12-06-00-43-39.png?resize=804%2C1024&amp;ssl=1 804w, https:\/\/i0.wp.com\/www.anamaclaren.com\/wp-content\/uploads\/2017\/12\/SmartSelectImage_2017-12-06-00-43-39.png?w=1078&amp;ssl=1 1078w\" sizes=\"(max-width: 236px) 100vw, 236px\" data-recalc-dims=\"1\" \/><\/p>\n","protected":false},"excerpt":{"rendered":"<p><img decoding=\"async\" loading=\"lazy\" class=\"alignnone size-medium wp-image-3484\" src=\"https:\/\/www.anamaclaren.com\/wp-content\/uploads\/2017\/12\/Tonico-Pereira-Anas-300x244.png\" alt=\"\" width=\"300\" height=\"244\" srcset=\"https:\/\/i0.wp.com\/www.anamaclaren.com\/wp-content\/uploads\/2017\/12\/Tonico-Pereira-Anas.png?resize=300%2C244&amp;ssl=1 300w, https:\/\/i0.wp.com\/www.anamaclaren.com\/wp-content\/uploads\/2017\/12\/Tonico-Pereira-Anas.png?resize=600%2C488&amp;ssl=1 600w, https:\/\/i0.wp.com\/www.anamaclaren.com\/wp-content\/uploads\/2017\/12\/Tonico-Pereira-Anas.png?w=707&amp;ssl=1 707w\" sizes=\"(max-width: 300px) 100vw, 300px\" \/><img decoding=\"async\" loading=\"lazy\" class=\"alignnone size-medium wp-image-2642\" src=\"https:\/\/www.anamaclaren.com\/wp-content\/uploads\/2017\/12\/IMG_20181116_191100_064-300x300.jpg\" alt=\"\" width=\"300\" height=\"300\" srcset=\"https:\/\/i0.wp.com\/www.anamaclaren.com\/wp-content\/uploads\/2017\/12\/IMG_20181116_191100_064.jpg?resize=300%2C300&amp;ssl=1 300w, https:\/\/i0.wp.com\/www.anamaclaren.com\/wp-content\/uploads\/2017\/12\/IMG_20181116_191100_064.jpg?resize=150%2C150&amp;ssl=1 150w, https:\/\/i0.wp.com\/www.anamaclaren.com\/wp-content\/uploads\/2017\/12\/IMG_20181116_191100_064.jpg?resize=768%2C768&amp;ssl=1 768w, https:\/\/i0.wp.com\/www.anamaclaren.com\/wp-content\/uploads\/2017\/12\/IMG_20181116_191100_064.jpg?resize=1024%2C1024&amp;ssl=1 1024w, https:\/\/i0.wp.com\/www.anamaclaren.com\/wp-content\/uploads\/2017\/12\/IMG_20181116_191100_064.jpg?resize=600%2C600&amp;ssl=1 600w, https:\/\/i0.wp.com\/www.anamaclaren.com\/wp-content\/uploads\/2017\/12\/IMG_20181116_191100_064.jpg?resize=100%2C100&amp;ssl=1 100w, https:\/\/i0.wp.com\/www.anamaclaren.com\/wp-content\/uploads\/2017\/12\/IMG_20181116_191100_064.jpg?resize=50%2C50&amp;ssl=1 50w, https:\/\/i0.wp.com\/www.anamaclaren.com\/wp-content\/uploads\/2017\/12\/IMG_20181116_191100_064.jpg?w=1280&amp;ssl=1 1280w, https:\/\/i0.wp.com\/www.anamaclaren.com\/wp-content\/uploads\/2017\/12\/IMG_20181116_191100_064.jpg?w=1920&amp;ssl=1 1920w\" sizes=\"(max-width: 300px) 100vw, 300px\" \/>Ator Tonico Pereira interpreta &#8220;An\u00e1s&#8221; Para o espet\u00e1culo &#8220;Paix\u00e3o de Cristo&#8221; Nova Jerusal\u00e9m, PE.<\/p>\n<p>Prazo de entrega 1 semana.<\/p>\n<p>Aplica\u00e7\u00e3o: Pode colar com a fita adesiva em regi\u00f5es mais afastadas das bordas. Com a cola pode usar no acabamento. Fa\u00e7a o ponto de contato entre a pele e a tela. Obs: O ponto de contato \u00e9 como colar f\u00f3rmica ( primeiro passa uma fina camada da cola na pele e depois uma fina camada na tela. Espera um pouco para os \u00e9teres evaporarem e depois fixa um no outro, Cada cola tem sua especificidade. As importadas dos Estados Unidos s\u00e3o bem recomendadas. Nossa loja tem a Esp\u00edrit Gum da Ben Nye.<\/p>\n<p>Para a manuten\u00e7\u00e3o, depois que tirar a barba do rosto, pode deix\u00e1-la embebida no \u00e1lcool mais puro ( 96 graus) num pote (tipo de sorvete) fechado, para diluir a resina e sair sem prejudicar a tela. Pode deixar por uns trinta minutos. Depois secar e guardar. Depois de v\u00e1rias manuten\u00e7\u00f5es pode hidratar a tela com \u00f3leo mineral. Sempre um trabalho delicado.<\/p>\n","protected":false},"featured_media":2533,"comment_status":"open","ping_status":"closed","template":"","meta":{"jetpack_post_was_ever_published":false,"jetpack_publicize_message":"","jetpack_is_tweetstorm":false,"jetpack_publicize_feature_enabled":true,"jetpack_social_post_already_shared":true,"jetpack_social_options":{"image_generator_settings":{"template":"highway","enabled":false}}},"product_cat":[177],"product_tag":[227,240,691,230,223],"jetpack_publicize_connections":[],"jetpack_sharing_enabled":true,"_links":{"self":[{"href":"https:\/\/www.anamaclaren.com\/index.php?rest_route=\/wp\/v2\/product\/2532"}],"collection":[{"href":"https:\/\/www.anamaclaren.com\/index.php?rest_route=\/wp\/v2\/product"}],"about":[{"href":"https:\/\/www.anamaclaren.com\/index.php?rest_route=\/wp\/v2\/types\/product"}],"replies":[{"embeddable":true,"href":"https:\/\/www.anamaclaren.com\/index.php?rest_route=%2Fwp%2Fv2%2Fcomments&post=2532"}],"wp:featuredmedia":[{"embeddable":true,"href":"https:\/\/www.anamaclaren.com\/index.php?rest_route=\/wp\/v2\/media\/2533"}],"wp:attachment":[{"href":"https:\/\/www.anamaclaren.com\/index.php?rest_route=%2Fwp%2Fv2%2Fmedia&parent=2532"}],"wp:term":[{"taxonomy":"product_cat","embeddable":true,"href":"https:\/\/www.anamaclaren.com\/index.php?rest_route=%2Fwp%2Fv2%2Fproduct_cat&post=2532"},{"taxonomy":"product_tag","embeddable":true,"href":"https:\/\/www.anamaclaren.com\/index.php?rest_route=%2Fwp%2Fv2%2Fproduct_tag&post=2532"}],"curies":[{"name":"wp","href":"https:\/\/api.w.org\/{rel}","templated":true}]}}

Barba + Bigode &#8211; Anás

<p><img decoding="async" loading="lazy" class="alignnone size-medium wp-image-3484" src="https://www.anamaclaren.com/wp-content/uploads/2017/12/Tonico-Pereira-Anas-300x244.png" alt="" width="300" height="244" srcset="https://i0.wp.com/www.anamaclaren.com/wp-content/uploads/2017/12/Tonico-Pereira-Anas.png?resize=300%2C244&amp;ssl=1 300w, https://i0.wp.com/www.anamaclaren.com/wp-content/uploads/2017/12/Tonico-Pereira-Anas.png?resize=600%2C488&amp;ssl=1 600w, https://i0.wp.com/www.anamaclaren.com/wp-content/uploads/2017/12/Tonico-Pereira-Anas.png?w=707&amp;ssl=1 707w" sizes="(max-width: 300px) 100vw, 300px" /><img decoding="async" loading="lazy" class="alignnone size-medium wp-image-2642" src="https://www.anamaclaren.com/wp-content/uploads/2017/12/IMG_20181116_191100_064-300x300.jpg" alt="" width="300" height="300" srcset="https://i0.wp.com/www.anamaclaren.com/wp-content/uploads/2017/12/IMG_20181116_191100_064.jpg?resize=300%2C300&amp;ssl=1 300w, https://i0.wp.com/www.anamaclaren.com/wp-content/uploads/2017/12/IMG_20181116_191100_064.jpg?resize=150%2C150&amp;ssl=1 150w, https://i0.wp.com/www.anamaclaren.com/wp-content/uploads/2017/12/IMG_20181116_191100_064.jpg?resize=768%2C768&amp;ssl=1 768w, https://i0.wp.com/www.anamaclaren.com/wp-content/uploads/2017/12/IMG_20181116_191100_064.jpg?resize=1024%2C1024&amp;ssl=1 1024w, https://i0.wp.com/www.anamaclaren.com/wp-content/uploads/2017/12/IMG_20181116_191100_064.jpg?resize=600%2C600&amp;ssl=1 600w, https://i0.wp.com/www.anamaclaren.com/wp-content/uploads/2017/12/IMG_20181116_191100_064.jpg?resize=100%2C100&amp;ssl=1 100w, https://i0.wp.com/www.anamaclaren.com/wp-content/uploads/2017/12/IMG_20181116_191100_064.jpg?resize=50%2C50&amp;ssl=1 50w, https://i0.wp.com/www.anamaclaren.com/wp-content/uploads/2017/12/IMG_20181116_191100_064.jpg?w=1280&amp;ssl=1 1280w, https://i0.wp.com/www.anamaclaren.com/wp-content/uploads/2017/12/IMG_20181116_191100_064.jpg?w=1920&amp;ssl=1 1920w" sizes="(max-width: 300px) 100vw, 300px" />Ator Tonico Pereira interpreta &#8220;Anás&#8221; Para o espetáculo &#8220;Paixão de Cristo&#8221; Nova Jerusalém, PE.</p>
<p>Prazo de entrega 1 semana.</p>
<p>Aplicação: Pode colar com a fita adesiva em regiões mais afastadas das bordas. Com a cola pode usar no acabamento. Faça o ponto de contato entre a pele e a tela. Obs: O ponto de contato é como colar fórmica ( primeiro passa uma fina camada da cola na pele e depois uma fina camada na tela. Espera um pouco para os éteres evaporarem e depois fixa um no outro, Cada cola tem sua especificidade. As importadas dos Estados Unidos são bem recomendadas. Nossa loja tem a Espírit Gum da Ben Nye.</p>
<p>Para a manutenção, depois que tirar a barba do rosto, pode deixá-la embebida no álcool mais puro ( 96 graus) num pote (tipo de sorvete) fechado, para diluir a resina e sair sem prejudicar a tela. Pode deixar por uns trinta minutos. Depois secar e guardar. Depois de várias manutenções pode hidratar a tela com óleo mineral. Sempre um trabalho delicado.</p>
