{"id":1938,"date":"2017-07-08T21:41:11","date_gmt":"2017-07-08T12:41:11","guid":{"rendered":"https:\/\/www.anamaclaren.com\/?post_type=product&#038;p=1938"},"modified":"2025-12-20T01:40:32","modified_gmt":"2025-12-19T16:40:32","slug":"nariz-de-pinoquio","status":"publish","type":"product","link":"https:\/\/www.anamaclaren.com\/?product=nariz-de-pinoquio","title":{"rendered":"Nariz de pinoquio"},"content":{"rendered":"<p>Para a confec\u00e7\u00e3o de um novo, ser\u00e1 preciso a tiragem do molde do ator em gesso, que em seguida ser\u00e1 feita a modelagem em massa, vindo depois o contra molde. S\u00f3 assim obtem se a primeira c\u00f3pia que poder\u00e1 ser processada em espuma ou silicone.<\/p>\n","protected":false},"excerpt":{"rendered":"<p><strong><span style=\"color: #ff0000;\">Fora de estoque<\/span><\/strong><\/p>\n","protected":false},"featured_media":1939,"comment_status":"open","ping_status":"closed","template":"","meta":{"jetpack_post_was_ever_published":false,"jetpack_publicize_message":"","jetpack_is_tweetstorm":false,"jetpack_publicize_feature_enabled":true,"jetpack_social_post_already_shared":true,"jetpack_social_options":{"image_generator_settings":{"template":"highway","enabled":false}}},"product_cat":[258,176],"product_tag":[],"jetpack_publicize_connections":[],"jetpack_sharing_enabled":true,"_links":{"self":[{"href":"https:\/\/www.anamaclaren.com\/index.php?rest_route=\/wp\/v2\/product\/1938"}],"collection":[{"href":"https:\/\/www.anamaclaren.com\/index.php?rest_route=\/wp\/v2\/product"}],"about":[{"href":"https:\/\/www.anamaclaren.com\/index.php?rest_route=\/wp\/v2\/types\/product"}],"replies":[{"embeddable":true,"href":"https:\/\/www.anamaclaren.com\/index.php?rest_route=%2Fwp%2Fv2%2Fcomments&post=1938"}],"wp:featuredmedia":[{"embeddable":true,"href":"https:\/\/www.anamaclaren.com\/index.php?rest_route=\/wp\/v2\/media\/1939"}],"wp:attachment":[{"href":"https:\/\/www.anamaclaren.com\/index.php?rest_route=%2Fwp%2Fv2%2Fmedia&parent=1938"}],"wp:term":[{"taxonomy":"product_cat","embeddable":true,"href":"https:\/\/www.anamaclaren.com\/index.php?rest_route=%2Fwp%2Fv2%2Fproduct_cat&post=1938"},{"taxonomy":"product_tag","embeddable":true,"href":"https:\/\/www.anamaclaren.com\/index.php?rest_route=%2Fwp%2Fv2%2Fproduct_tag&post=1938"}],"curies":[{"name":"wp","href":"https:\/\/api.w.org\/{rel}","templated":true}]}}